 by 19?
15
Let i(z) = 2*z**3 + 3*z**2 - 7*z + 4. What is the remainder when i(2) is divided by 12?
6
Let n(l) = -10*l**3 - l - 2. Let q be n(-1). Suppose q*b + 50 = 10*b. Let h(r) = 2*r**3 - 5*r**2 + 2*r + 2. What is the remainder when b is divided by h(3)?
16
Suppose -3*t + 20 = h - 34, 10 = 2*t. Calculate the remainder when 543 is divided by h.
36
Suppose 0 = o + 2 - 7. Let t = 1 + o. Let c(l) = -l + 19. Calculate the remainder when c(t) is divided by 8.
5
Let g(v) = 14*v - 5. Let l be (-5 + 7)/(1/4). Let z be g(l). Suppose z = 4*i - 1. Calculate the remainder when i is divided by 7.
6
Let a be 7*5/(20/48). Suppose -2*f - 2*f = 2*r + a, 4*r + f + 189 = 0. Let b = -33 - r. What is the remainder when b is divided by 9?
6
Suppose q - 32 - 49 = 0. Suppose -5*s = 5*j - 150, j + 92 + 18 = 4*s. Calculate the remainder when q is divided by s.
25
Let n(o) = 2*o**3 - 19*o**2 - 7*o - 16. Suppose -5*w = -15*w + 100. Calculate the remainder when 32 is divided by n(w).
4
Let v be 9 - 8 - (-13 - 1). Suppose v*p = 12*p + 291. What is the remainder when p is divided by 20?
17
Calculate the remainder when 40 is divided by (1200/96)/(5/4).
0
Let r(x) = 2*x**3 + 12 - x**3 + 11*x**2 + 4 - 13*x - 4. Calculate the remainder when 71 is divided by r(-12).
23
What is the remainder when (-6 - (1 + -12)) + (0 - -139) is divided by 51?
42
Let z = 10992 + -10860. Let d(p) = p**3 + 8*p**2 + 7*p + 4. Calculate the remainder when z is divided by d(-6).
30
Let d = -47 - -151. What is the remainder when d is divided by -3*(-7)/14*14?
20
Let h(q) = 4*q**2 - 12*q - 45. What is the remainder when 39 is divided by h(-3)?
12
Suppose -2*d = -7*d - 20, 0 = -4*y + 3*d - 332. Let q = y + 155. What is the remainder when q is divided by 14?
13
Let a(s) = 2*s**3 + s**2 - 11*s + 154. What is the remainder when a(0) is divided by 13?
11
Let h = 76 + 10. What is the remainder when h is divided by 16?
6
Let a(m) = m**2 - 11*m + 21. Let k be a(9). What is the remainder when (-357)/(-9) + 1/k is divided by 22?
18
Let r = -26 - -28. Calculate the remainder when 70 is divided by r - 3 - 1 - -20.
16
Let z(j) = j**2 + 14*j + 18. Let f be z(-13). Let s(c) = c**3 - 5*c**2 + 4*c - 2. Calculate the remainder when 70 is divided by s(f).
16
What is the remainder when (74/(-4) + -2)/((-23)/46) is divided by 39?
2
Let o(h) = -33*h - 180. Let p = 44 + -18. What is the remainder when o(-7) is divided by p?
25
Let k(l) = 4*l**2 + 49*l + 174. What is the remainder when 100 is divided by k(-7)?
19
What is the remainder when ((-11)/(-33))/(3/558) is divided by 26?
10
Let d(t) = t**3 - 58*t**2 - 119*t - 5. Calculate the remainder when 382 is divided by d(60).
52
Calculate the remainder when 65 is divided by ((-2120)/24)/(-5) + (-4)/6.
14
Let p = 87 - 77. Calculate the remainder when 269 is divided by p.
9
Let r = -31 - -34. Suppose -r*s = -0*v + 2*v - 22, 2*s = -5*v. Calculate the remainder when 18 is divided by s.
8
Suppose -9*f - 166 = -12*f + 5*n, -f - 4*n = -27. What is the remainder when 181 is divided by f?
40
Let n = -13 + 12. Let z = n - -3. Suppose -z*m + 38 = 2*q, -4*m - 35 = 5*q - 131. Calculate the remainder when q is divided by 11.
9
Suppose 0 = 4*b - 477 - 259. Suppose 6*t = b + 98. What is the remainder when t is divided by 8?
7
Let z be (-102)/(-5) - 3/(-5). Let q = z - 17. Calculate the remainder when 19 is divided by q.
3
Let u(c) = c - 2. Let t be u(0). Calculate the remainder when 38 is divided by 61/3 + t/(-3).
17
Suppose 7*v - 5*v = 92. Suppose 0 = -4*m - 2*u + 56, -4*m - 3*u = -6*u - v. Calculate the remainder when 24 is divided by m.
11
Suppose -4*d = -12 - 12. Suppose 2*k = -0*k + 6. Suppose -5*c - 14 = 3*v, -v - v - 8 = k*c. Calculate the remainder when d is divided by v.
0
Let b = 111 - 12. Let y = 111 - b. Calculate the remainder when (1/(-3))/((-2)/138) is divided by y.
11
Let k = 292 - 257. Calculate the remainder when 209 is divided by k.
34
Let b(g) = -4*g**3 - 7*g**2 - 8*g + 4. Let j be b(-4). Suppose -15*p + 17*p - j = 0. What is the remainder when p is divided by 24?
18
Suppose 112 = 221*h - 220*h - i, 12 = -4*i. What is the remainder when h is divided by 50?
9
Let r(y) = 2*y - 12. Calculate the remainder when 179 is divided by r(29).
41
Suppose 0 = 3*h - 122 + 35. Suppose 110*s - 1352 = 84*s. Calculate the remainder when s is divided by h.
23
Let x(r) = 2*r**2 + 22*r - 39. What is the remainder when x(-18) is divided by 72?
69
Let a = 19 + -4. Suppose -4*n = 3*w - 51, 0 = -3*w + 7*w - 3*n - 118. What is the remainder when w is divided by a?
10
Let w = 102 - 39. What is the remainder when w is divided by 4/2 - 140/30*-3?
15
Let c = 94 + -49. Let p(u) = 3*u**2 - 12*u + 1. Let m be (-4)/12 - 32/(-6). What is the remainder when c is divided by p(m)?
13
Suppose r + 129 = -5*z + 3*r, 3 = -r. Let m = z + 42. What is the remainder when m is divided by 34/9 - (0 + 4/(-18))?
3
Let q = -2206 + 2463. What is the remainder when q is divided by 56?
33
Let o be (-2 - 2)/1*7/(-2). What is the remainder when 130 is divided by (-15)/35 - (-384)/o?
22
Let i = 104 + -100. Calculate the remainder when i is divided by (-2)/(-3)*(-27)/(-6).
1
What is the remainder when 127 is divided by 12 - (-1)/(13/208)?
15
Let a = -1960 - -1986. What is the remainder when 1429 is divided by a?
25
What is the remainder when (-14)/(168/117)*12/(-3) is divided by 10?
9
Let f(p) = 6*p**2 + 3*p + 2. Suppose 8 = -3*s - 5*s. What is the remainder when 8 is divided by f(s)?
3
Let f = -2871 + 2897. What is the remainder when 3353 is divided by f?
25
Suppose -3*b - 4*b = 1050. Calculate the remainder when 22 is divided by (-4)/(-22) - b/22.
1
Let w(g) = 15*g - 3. Suppose -13*p + 78 = -0*p. Let b(r) = -r**3 + 6*r**2 + 2*r + 3. Calculate the remainder when w(2) is divided by b(p).
12
Suppose 7 = -1346*z + 1350*z - 5. Suppose 0*i + 10 = 2*i. Suppose -i*n = 4*h - 13, n = 5*h + 4*n - 26. What is the remainder when h is divided by z?
1
Let k(c) = 4*c**2 + 8*c + 2. Calculate the remainder when 100 is divided by k(-4).
32
Let j = 61 + 65. What is the remainder when j is divided by 65?
61
Let j = 24 - 17. Suppose 0 = 2*o + j*o - 207. What is the remainder when o is divided by 7?
2
Suppose -c - 4*j - 228 = -5*c, -j - 1 = 0. Suppose 3*k - 3*u - 33 = 0, 0*u = 5*k - 3*u - 57. What is the remainder when c is divided by k?
8
Let f(j) = -36*j**2 + 7*j + 17. Let r be f(-2). Let u = r + 174. What is the remainder when 63 is divided by u?
30
Let y(d) = -263 - d - d**3 - 3*d + d + 256 - 5*d**2. Suppose -9 = 3*x + 6. What is the remainder when 14 is divided by y(x)?
6
Let i = -37 + 51. Calculate the remainder when 105 is divided by (54/(-4))/((-7)/i).
24
Let u(t) = t**2 + 3*t - 16. Let k be (2/(-4))/((-10)/(-140)). Calculate the remainder when u(k) is divided by 7.
5
Let u be (-5 + 9)*(5 + -1). Let y = 32 - u. Let v = 10 + -4. Calculate the remainder when y is divided by v.
4
Let q be 2/6*3 + 1 + -61. Let f = 115 + q. Let l = 55 - 36. Calculate the remainder when f is divided by l.
18
Let q(j) = -j**3 + 3*j**2 - 6*j - 24. Calculate the remainder when 670 is divided by q(-3).
46
Suppose -4*g - 7*s = -3*s - 184, -2*s + 135 = 3*g. Let r = 91 + -158. Let y = r + 89. Calculate the remainder when g is divided by y.
21
Calculate the remainder when (3000/(-140))/(1/(-7)) is divided by 17.
14
Let r = -881 + 1149. Calculate the remainder when r is divided by 27.
25
Suppose -13*p + 429 = 52. Calculate the remainder when 228 is divided by p.
25
What is the remainder when 268 is divided by (5 - 13)/(-8) + 67?
64
Suppose 6 = -3*p + p, -199 = -t + 4*p. What is the remainder when t is divided by 37?
2
Suppose -4*b - 27 = 4*k - 5*k, 0 = -4*k + 4*b + 48. Calculate the remainder when k is divided by 4.
3
Suppose -6*k + 675 = -k. Suppose -4*d = -d - k. Let o(n) = -4*n - 12. Calculate the remainder when d is divided by o(-6).
9
Let w(i) = i**2 + 4. Let m(t) = 2*t**2 + t + 7. Let f(g) = 3*m(g) - 5*w(g). Suppose 0 = -5*v + 34 + 61. What is the remainder when f(-9) is divided by v?
17
Suppose -8 + 2 = -i. Suppose i + 6 = -u. Let w = u - -20. What is the remainder when 29 is divided by w?
5
Let j(p) = 8*p + 50. Let c be j(-6). Suppose 3*y = -2*m + 23, 0 = -5*m - c*y + 64 + 10. What is the remainder when 62 is divided by m?
14
Let n = -52 + 23. Let b = n + 71. Cal